ose 2 - 23 = -7*k. Calculate the remainder when 36 is divided by k.
0
Let a = -35 + 59. Calculate the remainder when 70 is divided by a.
22
Suppose 16*t - 415 + 15 = 0. What is the remainder when 198 is divided by t?
23
Calculate the remainder when 149 is divided by (-3656)/(-44) - (7 + 228/(-33)).
66
Let n be (26/2*-1)/(3/6). Suppose 2*d + 86 = -0*d. Let m = n - d. Calculate the remainder when 49 is divided by m.
15
Calculate the remainder when 250 is divided by (-36 - -3 - -2)*(-20 + 17).
64
Let t(d) = d**2 + 20*d + 12. Let h be t(-20). Let v(q) = 27*q - 78. What is the remainder when v(h) is divided by 31?
29
Let u(i) = -i**2 + 16*i - 52. Suppose -125 = -3*w - v, -2*w + 5*v + 95 = w. Calculate the remainder when w is divided by u(7).
7
Suppose -2*l - 230 = 2*d - 80, d = l - 65. Let j = 109 + d. Calculate the remainder when j is divided by 15.
9
Let f be 7/7 - -2*3/(-6). Suppose 0 = -2*q - 10, -q = 4*o - f*q - 435. What is the remainder when o is divided by 28?
26
Let x = -22 + 30. Let k(i) = 3*i + 10. Calculate the remainder when k(8) is divided by x.
2
Suppose 0 = q - 4*q - 258. Let k = -29 - q. What is the remainder when k is divided by ((-120)/(-27))/(2/9)?
17
Let j = -32 + 35. Suppose -2*g + 5*y + 17 = 0, j*g + y = 15 + 2. Calculate the remainder when 10 is divided by g.
4
Let w(z) be the second derivative of 0 + 0*z**2 + 2/3*z**3 - 2*z. Calculate the remainder when w(2) is divided by 3.
2
Let f(n) = 646*n**2 + 1. Let i be f(-1). Suppose -978 - i = 5*t. What is the remainder when 27 is divided by 2/(-9) - t/45?
6
Let q(h) = h**3 + 8*h**2 + 7*h - 4. Suppose -20 = 3*y - 2*c - 0*c, 0 = -c + 1. Calculate the remainder when q(y) is divided by 16.
10
Suppose -15*i = -9*i + 30. What is the remainder when 41 is divided by 21 + 1 - 2/(5/i)?
17
Let d = 2311 - 2309. Calculate the remainder when 156 is divided by d.
0
Let k be (12/(-10))/(5/(150/(-9))). Suppose 2*y - 82 = -d - d, -k*d + 165 = 3*y. Calculate the remainder when d is divided by 11.
9
What is the remainder when 1315 is divided by (-10)/(-60)*186 - 3?
27
Suppose 427*q - 429*q = -216. What is the remainder when q is divided by 36?
0
Calculate the remainder when 397 is divided by (114/4)/(12/24).
55
Let c = 154 - 94. Suppose 5*w = -v + 3*v + c, 4*w + 4*v - 76 = 0. What is the remainder when 25 is divided by w?
11
Suppose 11*h = -0*h + h + 30. Suppose -y + 20 = y. What is the remainder when y is divided by h?
1
Suppose -222 = 4*a + 18. Let x = -39 - a. Calculate the remainder when x is divided by (-9)/4*(-16)/6.
3
Suppose -13*y = -9*y - 36. Calculate the remainder when 35 is divided by y.
8
Let q = 52 + 11. Let x = 15 + -13. Suppose -x*i + 36 = -u, 3*i - 4*u + 5 - 69 = 0. Calculate the remainder when q is divided by i.
15
What is the remainder when (-1317)/(-18) + (-20)/(-24) is divided by 25?
24
Let m(w) = 12*w - 39. Calculate the remainder when m(13) is divided by 10.
7
Let r = -14 + 19. Suppose -n = 4*m - 2*n - 66, 26 = m - r*n. Let z = 38 - m. Calculate the remainder when 42 is divided by z.
20
Suppose 4*f - 32 = -4*s, -3*s - 23 = -14. Calculate the remainder when 23 is divided by f.
1
Suppose 4*i - 5*h = 20, i - 5*h - 20 = 2*i. Suppose 0 = -2*j - i + 10. What is the remainder when j is divided by 3?
2
Suppose 140 = 5*c - c. Let m = 437 - 299. What is the remainder when m is divided by c?
33
Let r = -199 + 240. What is the remainder when r is divided by 11?
8
Let u be ((-12)/9)/(((-40)/12)/5). Suppose 3*b - x - 128 = u, -2*b + 86 = -x. What is the remainder when 87 is divided by b?
43
Suppose f = 3*f - 6. Suppose 3*a = f*o + 81, -3*a - 6*o + 5*o + 93 = 0. Let v(y) = -41*y - 4. Calculate the remainder when v(-3) is divided by a.
29
Suppose 96 = 29*n - 21*n. Calculate the remainder when 263 is divided by n.
11
Let b be (4 + -6)/2 + 5. Suppose 31 = b*k - 41. Calculate the remainder when k is divided by 8.
2
Let p(a) = a**2 + 2*a. Let h be 10*1/(-6)*-3. Suppose -4*y = -0*y + h*x - 116, 0 = -3*x. Calculate the remainder when y is divided by p(2).
5
Let v be ((-2)/(-4))/((-11)/88). Let i = v + 19. What is the remainder when i is divided by 8?
7
Suppose -2050 = -38*i - 3*i. What is the remainder when 310 is divided by i?
10
Let h = 41 - 25. Suppose -5*f + h = -4*u - 0*u, -2*u = -f + 14. What is the remainder when (2 - 1) + (-1 - u) is divided by 5?
4
Let f = 1 - -51. What is the remainder when 622 is divided by f?
50
Let j be (2 + -1)/((-12)/24). Let x(r) = 5*r**2 - 5*r - 5. What is the remainder when 98 is divided by x(j)?
23
Let t(x) be the third derivative of x**6/120 + 11*x**5/60 - x**4/24 + 8*x**3/3 + 11*x**2. What is the remainder when t(-11) is divided by 7?
6
Let x(g) = 23*g**2 - g + 2. Let a be x(1). Let t = a + -5. What is the remainder when t is divided by 7?
5
Let o be -1 + (-2 - -3 - 1). Let z be -2 + o - 9/(-3). Suppose z = 2*w - h - 0*h - 21, -5*w + h = -45. What is the remainder when 21 is divided by w?
5
Suppose -4*t + 9*t = 15. Suppose 0 = t*o - 47 - 7. What is the remainder when 70 is divided by o?
16
Let d be (-741)/(-12) + -2*3/8. Let k = d - 57. Suppose 3*m - 2*h = 13 + 24, -38 = -2*m - 2*h. What is the remainder when m is divided by k?
3
Suppose 4*j = -v + 80, 0*v = 4*j + 5*v - 80. Calculate the remainder when 57 is divided by j.
17
Let h = -9 + 16. Suppose 2*r - h*r + 5 = 0. What is the remainder when 13*((-1)/r + 3) is divided by 7?
5
What is the remainder when 71 is divided by (1 + 1)/(2 - (-96)/(-50))?
21
Let y(t) = -2*t**3 - t**2 + 2*t - 5. Let f be y(0). What is the remainder when (-109)/(-1) - (f - (0 + -5)) is divided by 16?
13
Suppose 5*i - 13 = 4*g + 11, 2*g + 2 = 0. Suppose 4*x - f + 0*f + 13 = 0, -i*x - f = 11. What is the remainder when 28 is divided by 11 + 3*x/3?
4
Let i be 2/(-6) - 49/(-3). Suppose 0 = -f + i + 16. Let p = f - 18. What is the remainder when p is divided by 8?
6
Suppose 3*h = 4*i - 92, -i = -0*i - h - 24. What is the remainder when 118 is divided by i?
18
Calculate the remainder when (-4)/7 - 12155/(-91) is divided by 64.
5
Let x(a) = -11*a + 3. Let z(p) = -11*p + 4. Let y(s) = -5*x(s) + 6*z(s). Let j be y(5). Let c = j - -72. What is the remainder when 75 is divided by c?
23
Suppose 2*i + 478 = -5*x, 69 = -x - 5*i - 45. Let j = 103 + x. What is the remainder when 11 is divided by j?
2
Suppose -53 + 5 = -12*d. Suppose 3*c = 5*h - 247, 2*c = d*h - 2*c - 204. Calculate the remainder when h is divided by 6.
5
Let t(z) = z + 16. Let y be t(-8). Suppose a + y = p, 0 = 4*p - 4*a + 2*a - 22. Calculate the remainder when 24 is divided by p.
0
Suppose 0 = 4*h - h - 60. Suppose 1 = -3*m - h. Calculate the remainder when 54 is divided by 3 + -2 - (-14 - m).
6
Suppose 53 = 5*d - 62. Calculate the remainder when 134 is divided by d.
19
What is the remainder when 141 is divided by ((-5)/15)/((-1)/6) + 27?
25
Suppose -j = 3*j + 3*j. Suppose 3*f + 7*f - 1190 = j. What is the remainder when f is divided by 40?
39
Let d(v) = 8*v + 5. Let u(b) = -12*b + 5. Let y be u(-4). Suppose a - 3*z + 78 = 5*a, -y = -3*a - 5*z. Calculate the remainder when d(7) is divided by a.
19
Suppose 5*u - 75 - 40 = 0. Suppose -4*x - 4*p + 344 = 0, 3*x - 2*p - 229 - 44 = 0. What is the remainder when x is divided by u?
20
Let y(t) = 9*t + 39. What is the remainder when 447 is divided by y(4)?
72
Let h(y) = y**2 + 7*y + 8. Let c be h(-8). Suppose 0 = -2*m - 2*p - 4 + c, -m + 4 = -p. What is the remainder when 8 is divided by m?
3
Suppose 5*y = -0*y. Suppose -5*c = -y*c - 10. Suppose -2*l + a + 77 = 0, 2*l - 92 = c*a + 2*a. What is the remainder when l is divided by 13?
10
Let v(p) = -15 + 1 - 453*p - 11*p**2 + 455*p - p**3. Let z(w) = 7*w - 6. What is the remainder when v(-12) is divided by z(6)?
34
Suppose 3*y - 4*q + 0 = 61, 0 = -y + 3*q + 27. Suppose -9*r + 8*r - 4 = 0. Let f = y - r. Calculate the remainder when 52 is divided by f.
14
Let i = -16 + 26. Let c = -390 + 390. Suppose l + c*l = i. What is the remainder when l is divided by 4?
2
Let a = 50 + -57. Let n = 26 - a. Calculate the remainder when n is divided by (-1 + (-15)/2)*-2.
16
Let p = -683 - -787. Calculate the remainder when p is divided by 27.
23
Suppose 0 = -k - 5*g + 36, -4*g + 9*g = 10. What is the remainder when k is divided by 11?
4
Suppose -d - 106*g + 84 = -104*g, g - 242 = -3*d. What is the remainder 